 -329 - (-1 + -8).
-55
(-28 - -14) + 33 - (4 - (57 + -2))
70
What is the value of -68 + (9 - 9) + 40?
-28
Evaluate -17 + 69 + -16 + -34.
2
Calculate -82 + (-78 - (117 - 152)).
-125
Evaluate 6 - (8 + (-17 + -8 - -2)).
21
What is -18 + (-14 + (0 - 29) - -15)?
-46
Evaluate 0 + 12 - 0 - (56 - (259 + -268)).
-53
What is the value of -11 + 1 + (757 - 685) - (13 - 32)?
81
What is the value of 29 + -26 - 38 - -42 - (-75 + 3 + -2)?
81
What is the value of -41 + 0 + -19661 + 19622?
-80
Evaluate -7 + 9 + 7 - (-68 + 60) - -66.
83
What is (1 + 17 + (22 - 66) - -13) + (93 - 2)?
78
Evaluate 1 + 10 + (-7 - 6 - -10) + -10.
-2
What is the value of 158 - 181 - (-15 - 4) - (2 + (-90 - -2))?
82
What is (-6 - 43) + (-192 - -219)?
-22
Calculate 13 - (-62 - -154) - -74.
-5
What is the value of -33 - (-68 + 102 + (-102 - -2))?
33
Evaluate 3 + (-14 - -2) - (-2 + -89 - -60).
22
Evaluate 91 - 1 - (230 - (93 - -106)).
59
Evaluate -46 + (-28 - -59) - -7.
-8
What is the value of -92 + (3 - (-47 + 2))?
-44
What is (-113 - (29 - 82)) + 40?
-20
2 - (10 + -15 - (5 - 0)) - 69
-57
What is (2 - 105) + 127 - 19?
5
What is the value of (-68 - -71) + 28 + -24 + (-2 - (-1 + 37))?
-31
90 - 106 - (-10 + (-3 - -6)) - (0 - 71)
62
What is (-141 - 98) + 232 - ((3 - 4) + 0 + -133)?
127
-80 + -19 + (11 - 12 - -11) + 33
-56
What is the value of (-5 - -5) + -24 + (-12 - 9 - -38)?
-7
What is the value of (-2 - (11 + -3) - 2) + (-6486 - -6525)?
27
What is 7 + -6 - (64 + -11 - -13)?
-65
What is the value of -10 - ((3 - (-1 + -1) - -4) + (5 - 56))?
32
(6 - 44 - -22) + -55 - -23
-48
What is (-4 - 0) + (-31 - (10 + -46)) - -54?
55
Calculate (11 + 28 + -10 - 59) + -11.
-41
(900 - 948) + 1 + (4 - 4) + 10
-37
What is the value of 10 - (-105 - -27) - ((-6 - -8) + -2 + -4)?
92
What is the value of (0 + 0 - -49) + (-301 - (289 - 601))?
60
What is 2 + -9 - 26 - 3 - 17?
-53
120 + -1 - (6679 + -6618)
58
Calculate -58 - (44 - 25) - -69.
-8
What is 78 + -10 + (20 - -15) - -5?
108
Evaluate 5 + -17 - 125 - (1 - -5) - (-16 - -7).
-134
Calculate (-3 - (-23 - -19) - 13) + (-1 + 0 - 29).
-42
What is the value of 4 - (28 + -28) - (12 + -10 + -68)?
70
((9 - 126) + -6 + 3 + 8 - 4) + -4
-120
Evaluate 4 - (26 + 6 + -25 + 3 + -7).
1
0 + 5 - (-19 - (-16 + -5)) - (-52 + -5)
60
What is the value of -21 + 0 + (-8 + 6 + 1 + -14 - -2)?
-34
What is -208 + -97 + 181 + 34?
-90
What is -34 + -4 + (-57 - (-132 - -61))?
-24
Evaluate (-8 - -7) + -5 + 59 + 755 + -746.
62
Calculate -26 - (13 + 3 + (-88 - -80)).
-34
29 + (-44 - -5) + (-1 - 0) + 18 + 4
11
Calculate 37 - (14 - (80 + -58 + (0 - 1))).
44
-48 - (-7 + 20 + (-9 - 23))
-29
4 + 36 + -70 + 12 - (-3 - 115)
100
-11 - (28 + -41 + (-7 - -26))
-17
Evaluate 8 + 22 + -1 + -19 + -2.
8
Calculate (118 - (150 + -167)) + -126.
9
Evaluate 0 - (-2 + 18) - (91 + (40 - 139)).
-8
Calculate -4 + -139 - (-48 + 141 + -129).
-107
Calculate -43 + (-14 - ((-19 - -16) + -9)).
-45
Evaluate (4 - 2) + 15 + -15 + 78 + -9.
71
(-22 - -20) + (-1 - 51) + (52 + -66 - -7)
-61
Evaluate 117 - (-60 + -11 + 135).
53
-2 - (2 - (-17 + 29)) - 15
-7
What is (-2 - 1) + (-3026 - -3003)?
-26
Calculate 16 - ((-17 - (20 + -27)) + -90).
116
What is (-64 - -134) + -36 - 98?
-64
Calculate (0 - (-12 - -1)) + (-86 - (-52 - -107)).
-130
-18 + (12 - (-31 - -14)) + 27 + 3
41
-16 - ((16 + -99 + 6 - -15) + 5)
41
What is the value of 4 + 160 + -49 + -26 - 30?
59
Calculate (14 - 5 - 8) + 0 + -4 + 27 + 9.
33
What is the value of -45 + -10 + 45 + (0 - 11)?
-21
What is -120 + 57 + 151 - -23?
111
Evaluate 15 + (11 - (-4 + 13)) - 71.
-54
-24 + 46 - (32 + 0)
-10
Calculate -6 + (4 - -10) - (33 - 30) - 9.
-4
Calculate -16 - (-19 - (-17 - -14)) - (-10 + (5 - 1)).
6
What is -9 + (1 - 13 - -19) + 3 - -35?
36
1 - -2 - -1 - (-4 + 25)
-17
Calculate 7 + (-12 - (0 - -11)) + 36.
20
Calculate 14 - -16 - (22 + 4) - -63.
67
-19 + (8 - (-9 + 1)) + 18
15
What is -9 - (43 + 51 + -91) - (0 + -67)?
55
Calculate (-68 - -1) + (-16 - (-77 - -21 - -29)).
-56
What is the value of (19 - (5 + 43)) + 15 - (-1 - (-24 + 0))?
-37
Calculate -6 - (5 + -3) - (-31 + -1 - (-92 + 94)).
26
What is the value of (95 - ((11 - 10) + -32)) + -31?
95
Calculate (-7 - (1 + -29 + (-22 - -35))) + (1 - 3).
6
Evaluate -9 - (-9 + -2 - (-39 - (22 - 13))).
-46
-24 + (14 - 9 - -14) + -1 + -2 - 44
-52
-1 + (9 - 1 - -7) - 3 - -24
35
Evaluate -4974 - -5079 - (154 + -3).
-46
What is 64 + 21 + -7 + -20 + -4?
54
Calculate (29 - 76) + (-37 - (30 + -31)).
-83
-3 + (3 - -5) + (67 - 78 - (30 + 1))
-37
What is the value of (11 - (-8 + 1 - -31)) + (13 - -4) + -1?
3
1 + 1 + 6 - (-83 - (39 + -75 - -9))
64
Calculate (-1 - 2) + (11 - ((17 - 4) + -26)).
21
Calculate (-5 - -12 - 63) + 63.
7
Evaluate -50 + (27 - (-12 + 13)) + -37.
-61
Evaluate -35 + -36 - -117 - (127 + 0).
-81
What is the value of -6 + -75 + 61 + -15?
-35
What is the value of 43 + 14 + -63 - 44?
-50
What is the value of -10 + (10 - 3 - 1 - 16)?
-20
What is the value of (16 - 1 - 3) + (-686 - -682)?
8
Calculate (-1 - (17 + 4)) + (5 - 14).
-31
Evaluate -64 - -3 - (-767 - -769 - (1 - 1)).
-63
Evaluate 7 - (-41 - -110 - 9).
-53
Calculate 235 + (-31 - -135) + -225.
114
What is (6215 - 6272) + (0 - -138)?
81
46 + (-10 + -9 + (2 - -5 - -6) - 4)
36
Calculate 2497 - 2521 - (-2 - -15 - 0).
-37
Evaluate -43 + (-13 - (-202 - -75)).
71
What is -44 + -2 - (-551 + 479)?
26
Calculate -99 - 9 - 16 - -96.
-28
2 + -11 + 11 + -3 + 36
35
Evaluate 2 + 51 + (1177 - 1234).
-4
21 + -2 + -10 + 9 + -25
-7
Evaluate 113 + (-251 - -264 - (58 - -1)).
67
Evaluate (-14 + 7 + 4 - -4 - (-6 - 5)) + -5.
7
Calculate 8766 + -8724 - (-25 - (-1 - (2 + 0))).
64
What is the value of 101 + -135 - (10 - 60)?
16
-7 + -79 + -28 + (-10 - -11 - -12 - -2)
-99
What is 34 + (9 - (-80 - -41))?
82
Evaluate 190 - (73 + 73 - 47).
91
What is the value of 5 - (14 + -11 - 0) - (-4 - (5 - 3))?
8
125 + -62 + -49 - -51
65
Evaluate (-62 - (10 - -3 - 48)) + 31.
4
What is 8 + (-6 + 15 - (-21 - -1 - -8))?
29
Calculate (-2 - 5) + 31 + -29 + -28 + 3 + -4.
-34
What is -1 - -5 - (783 + -793)?
14
2 - -1 - (53 - (4 + -7) - (4 - 2))
-51
Evaluate (133 - 77) + -72 - -41.
25
Calculate -15 + (41 + -2 - 16) - ((0 - -1) + 72).
-65
Evaluate 197 + -185 - (59 - (-1 + -3 + 5)).
-46
Calculate -56 + -27 + 129 + -61.
-15
Evaluate -95 + (-251 - -150) + 106.
-90
What is the value of 28 + 0 - 6 - (-31 + 12 - -16 - -8)?
17
Evaluate 41 + -23 + (-41 - -105) + -81.
1
What is -38 + 58 - (-10 - (19 + -14))?
35
What is 98 - 19 - 17 - 24?
38
Calculate -6 + -121 + -9 + -22 + 22 - (-13 + -1).
-122
3 - (-2 + (5 - (-10 - -2) - 23))
15
5 + -121 + -30 + 3 + 2 + (-203 - -218)
-126
What is the value of -16 - (18 + -4 + -33 + 3) - (59 + 0)?
-59
Calculate 24 - (85 - (-48 + 86)).
-23
What is -20 + (-4 - -20) - -36 - -13?
45
What is the value of -51 + 62 + -110 - -171?
72
Calculate (41 + -5 - (-1 + -1)) + 84 + 137 + -230.
29
What is 5 - (14 + (-16 - -16 - 1)) - -16?
8
What is -18 + 47 + (15 - 24) + 2?
22
(-35 - -30 - 0) + -72 + 1 + (-19 - -22)
-73
Calculate -42 + (7 - (13 + -11 - -17)).
-54
Evaluate (309 - 101) + -290 + -3 + 2.
-83
What is the value of (-4 - -39) + -119 + 44?
-40
What is -171 + 142 + (-91 - -8)?
-112
Evaluate -4 + (-9400 - -9437 - ((1 - 6 - 1) + 1)).
38
Evaluate -674 - -601 - (-3 - 47).
-23
Calculate (25 - (63 - 34)) + -87 - 5.
-96
Calculate 5 + 54 + -20 + -65.
-26
175 + (61 - 175) - (-27 + 2)
86
482 + -487 + -7 + 2 + (1 - 0 - -60)
51
Calculate -1 + (-3 - (4 - 7)) - (-102 + (-19 - -75)).
45
Calculate (-48 - -67) + -8 - 2.
9
Calculate -4 + -84 + 208 + -23.
97
What is -48 - (-12 + (17 - -1) - (18 - -7))?
-29
Calculate 59 + 1 - -3 - (270 + -246 + -5).
44
Evaluate 107 - (7 + (-97 - -122)).
75
Calculate (6 - 2) + (31 + 35 + -79 - (1 + 21)).
-31
Calculate 14 + -1 + (93 - -5) - (-20 - -19).
112
What is 1 + 38 - (-107 + 91)?
55
Calculate 0 - 1 - 0 - -54 - ((98 - -14) + -119).
60
Calculate -7 + 1 - (6944 - 6879).
-71
Calculate (1 - 3) + 33 + (1143 - 1097).
77
What is the value of 2 + -1 + (9 - 35 - -28) + 6?
9
Calculate 32 + 89 + 56 + -120.
57
What is the value of 39 + 16 + -61 + (-90 - -8)?
-88
What is the value of 8 - (1 - (12 + 3 - (-28 - -29)))?
21
Calculate (-2124 - -2109) + (-2 + 2 - -10) - 69.
-74
Evaluate 12 + (-117 - -136) - (1 + 27).
3
What is 54 - (109 - 15 - 52)?
12
Calculate -87 - 0 - (24 - (-14 + 16) - 20 - 0).
-89
89 + (-85 + 11